10 = -6*g. Let w = g + u. List the prime factors of w.
2, 53
Let v = -48 - -61. Suppose 3*j = -q - q + v, 2*j + 5*q = 16. Suppose 0*c + j*c - 254 = -i, -i - 90 = -c. List the prime factors of c.
2, 43
Let a be (-1 + 0)*(0 - (-2 - -6)). Suppose 6*x + 2*r = x + 3795, 3*r - 3036 = -a*x. What are the prime factors of x?
3, 11, 23
Let v(o) = o**2 + 5*o - 4. Let p be v(3). Let s = p - 30. List the prime factors of (10/4)/(((-3)/s)/3).
5
Let j(h) = -32*h + 107. Let a(k) = 18*k + 4. Let l be a(-1). What are the prime factors of j(l)?
3, 5, 37
Let x = 12429 + -4591. List the prime factors of x.
2, 3919
Let f(d) = -d**3 - 40*d**2 + 308*d - 282. What are the prime factors of f(-50)?
2, 3, 1553
Suppose -945 = 2561*g - 2568*g. List the prime factors of g.
3, 5
Suppose 0 = 2*z + 2*z - 16, 0 = q + z - 5. Suppose -2*k - 1 = q, 5*k - 265 = -3*n. Let x = 157 - n. List the prime factors of x.
67
List the prime factors of (12/8 + 3 + -4)*(12 - -8484).
2, 3, 59
Let d(k) = 12*k - 166. Let g be d(16). Suppose -28*t + g*t = -6, 4*l = 3*t + 5839. What are the prime factors of l?
2, 17, 43
Suppose -5*q - 33 = -2*z + 7, 5*q = 5*z - 70. Suppose -2*x + 0*n = 4*n + z, 0 = -2*n + 4. Let g(v) = -v**2 - 25*v - 73. List the prime factors of g(x).
71
Suppose -10*m + 5*m = -10. Suppose m*r - 250 = -4*l, -4*l + 5*r - 177 = -7*l. What are the prime factors of l?
2
Let f be 3*1842/(5 + 1). Suppose 0 = 8*j - f - 1887. What are the prime factors of j?
3, 13
Suppose -3*i + 17 = 5. Suppose 0 = i*b - 629 - 1143. List the prime factors of b.
443
Suppose 3*s = -9, 3*s + 19 = 4*b + 2*s. Suppose -b*u = -5*u + 18. Suppose -h + 25 = -u. What are the prime factors of h?
43
Suppose 0 = -6*f - 2*f. What are the prime factors of 182/1 - (1 - f)?
181
Let j = 417 + -402. Suppose w - 735 = 3*b, 0 = 104*b - 101*b + j. List the prime factors of w.
2, 3, 5
Suppose 4 = s, -4*l + 2*s - 4 = -8*l. List the prime factors of 3*(l + 916/12).
2, 113
Let o = -83 - -85. List the prime factors of (-1 + o)/(((-40)/1866)/(-20)).
3, 311
Let v = 15 - 21. Let u(w) = -3*w**3 + 8*w**2 - 2*w + 5. Let j(g) = -g - 1. Let z(l) = v*j(l) - u(l). List the prime factors of z(4).
97
Suppose 3*v + j = 28856, 2*v = 5*v + 2*j - 28852. List the prime factors of v/16 - (-3)/(-12).
601
Let r(i) be the first derivative of 5*i**3/3 + 4*i**2 + 17*i - 37. What are the prime factors of r(-14)?
3, 5, 59
Let n(c) = -c**3 - 5*c**2 + 9*c - 2. Let d be n(-9). Suppose j - 111 = -4*u, -42 - d = -3*j - 2*u. Let l = j + 49. What are the prime factors of l?
2, 5, 7
Suppose 0 = -0*d - 2*d + 8. Suppose -2*i = d*l + 110, 5*l + 0*i = -5*i - 135. List the prime factors of 2 - ((-38)/(-8))/(7/l).
3, 7
Let x = 73 + -6. Let b = x - 64. Suppose -3*r - b*q + 681 = 0, 3*r = r + 4*q + 460. What are the prime factors of r?
2, 3, 19
Suppose -202*w = -193*w - 54. Suppose w*o = 3708 + 5172. What are the prime factors of o?
2, 5, 37
Suppose -217086 = 95*x - 686101. List the prime factors of x.
4937
Let p(r) = 11*r - 4. Let s be p(2). Let f = s - -10. Suppose -286 = -f*m + 26*m. List the prime factors of m.
11, 13
Let x(k) = 557*k**3 + 27*k**2 - 101*k - 1. What are the prime factors of x(4)?
5, 1427
Let q(s) = -1986*s - 4804. List the prime factors of q(-32).
2, 19, 773
Suppose -s - s = -d - 1, -2*d - s + 8 = 0. Suppose 0 = -2*i - d*v + 2 - 4, 3*v + 6 = 0. Suppose 0 = -i*f + 178 - 6. List the prime factors of f.
2, 43
Let v(b) = -6. Let t(w) = 16*w - 245. Let r(m) = -t(m) - 5*v(m). List the prime factors of r(-13).
3, 7, 23
Suppose 998 - 288 = 10*s + 310. List the prime factors of s.
2, 5
Let b(t) = t**3 - 13*t**2 - 11*t + 18. Let d be b(14). Suppose -5*r + o = -96, 5*o = 4*r - 0*r - d. List the prime factors of (-8)/r + 2/((-30)/(-1161)).
7, 11
Let h be (-27)/(-9) + (1 - 1). Suppose -4*c = h*v - 10, c + 12 = 5*v + 3*c. Suppose 168 = 2*y + a, -164 = -v*y - a - a. What are the prime factors of y?
2, 43
Let k(i) = -14*i - 40. Let c be k(-5). Suppose -c*l = -27*l - 270. List the prime factors of l.
2, 3, 5
Let d = -10 - -40. List the prime factors of -39*((-8)/(-14))/(d/(-175)).
2, 5, 13
Suppose -5*a + 27222 = 4*j, 2*a = -32*j + 30*j + 13612. What are the prime factors of j?
2, 23, 37
Let i(g) = 3*g**2 + 46*g + 33. Let s be i(-24). Suppose 59*f = 58*f + s. List the prime factors of f.
3, 73
Suppose 4*b - 745 = 3*b - 5*u, 3*b + 4*u = 2279. List the prime factors of b.
3, 5, 17
Suppose 3*h - 4*k + 3*k - 7 = 0, 2*h = -3*k + 23. Let x(m) = 30*m**2 + 7*m - 35. What are the prime factors of x(h)?
11, 43
Suppose -26*s + 30*s + 776 = 0. Let c = -88 - s. List the prime factors of 30/(c/(-28) + -5 + 9).
2, 5, 7
List the prime factors of (2 - 3)*231/33 - -26022.
5, 11, 43
Let r(p) = -p**3 - 3*p**2 + 7*p + 9. Let j be r(7). Let m = 660 + j. What are the prime factors of m?
2, 3, 19
Suppose -3*z = -t - 38021, 3*t - 13 = 8. List the prime factors of z.
2, 3169
Let q be ((-812)/(-21) - 6)/((-2)/(-6)). Let z = 28 + q. List the prime factors of z.
2, 3, 7
Let h(r) = -9*r**3 + r - 2. Let p be h(1). Let k be (-2)/(-5) - 16/p. Suppose k*n = j + n, 0 = 2*n - 4. What are the prime factors of j?
2
Let d(r) = -32*r - 50. Let t(l) = -16*l - 25. Let j(c) = -c**2 - 8*c - 17. Let n be j(-6). Let q(h) = n*t(h) + 3*d(h). List the prime factors of q(-9).
7, 17
Suppose 313*t - 424*t + 380791 = -6005039. List the prime factors of t.
2, 5, 11, 523
Suppose 4*d - h + 628 = 3*h, 5*d = 4*h - 782. Let k = d + 361. List the prime factors of k.
3, 23
Suppose 0 = -6*o + 16*o - 50. Suppose -2*y - 286 = -d + 96, -o*d - 5*y + 1925 = 0. What are the prime factors of d?
2, 3
Let z(f) = 10*f**3 + 14*f**2 + 29*f + 8. What are the prime factors of z(10)?
2, 5849
Let b be -1 + 4 + (-1 - 0). Let p be 66/297 - (-1969)/9. Suppose -b*v = v - p. What are the prime factors of v?
73
Let m(f) = 33*f - 168. Let l be m(-15). Let s = -505 - l. What are the prime factors of s?
2, 79
Let z(b) be the third derivative of 5/12*b**4 + 0 + 0*b - 17*b**2 - 5*b**3. List the prime factors of z(9).
2, 3, 5
Let y be 3/(-2)*(-7 - (-70)/6). Let h(n) = -6 - 18*n - 13 + 3*n. List the prime factors of h(y).
2, 43
Let q(h) = -1076*h + 4175. List the prime factors of q(-13).
41, 443
What are the prime factors of 90142/16 - (-290)/2320?
2, 3, 313
What are the prime factors of (1306*(-10)/4)/((-25)/25)?
5, 653
Suppose 0*m + 6690 = -15*m. Let l = m - -1540. List the prime factors of l.
2, 547
Suppose -39*y = -28*y - 176. What are the prime factors of 8/y + (-1256)/(-16)?
79
Let a be (-40)/25 + (-4)/10. Let r(w) = -3*w**3 + 3*w**2 + 6*w + 2. Let s be r(a). What are the prime factors of (-8)/2 - s*-5?
2, 3, 7
Let l(h) = h**2 - 26*h - 29. Let p be l(25). Let u = 271 + p. What are the prime factors of u?
7, 31
Suppose 41628 = 10*v + 11960 - 43822. What are the prime factors of v?
7349
What are the prime factors of (-1286516)/(-396) - ((-12)/(-27))/(-2)?
3, 19
Let l = -134 + 136. What are the prime factors of 1/l*(-16 + 16) - -776?
2, 97
Suppose 0 = y + 36 - 48. Let i(x) = -10*x - 10 - 2 + y*x + 20*x. List the prime factors of i(5).
2, 7
Let x(k) = -3*k - 5. Let n be x(-3). Suppose -2*m = -4*t + 6, -5*t - 1 = -m - n. Suppose t = 6*h + 9 - 63. List the prime factors of h.
3
Let u = -62 - -135. Let s = u + -31. What are the prime factors of s?
2, 3, 7
Let p = 13329 - 7367. What are the prime factors of p?
2, 11, 271
Let o(a) = -a**3 + 16*a**2 - 24*a + 44. Let r be o(14). Let s = r + -120. Let x = 147 - s. List the prime factors of x.
167
Let p be -8 - (10*-1)/(-5). Let m(v) = v**3 + 11*v**2 + 11*v - 5. Let o be m(p). List the prime factors of (-2)/o + (-1138)/(-15).
2, 19
Suppose 3*r = 9, 3*b - 2454 = -46*r + 48*r. What are the prime factors of b?
2, 5, 41
Let s(h) = -6*h**2 + 4*h - 203. Let i(n) = 7*n**2 - 4*n + 204. Let w(o) = 5*i(o) + 6*s(o). Let y be w(0). Let a = y + 281. What are the prime factors of a?
83
Let m(k) = -24*k**3 + 14*k**2 - 4*k - 334. What are the prime factors of m(-12)?
2, 21601
Suppose 10*h = 5*h + 25. Suppose -c - 3 = 5*t, 27 = h*c - 4*c - 5*t. Let o(s) = 7*s + 52. List the prime factors of o(c).
2, 17
Let o = 4 - -1. Let w(x) = -4*x**2 - 14 - 13*x + 70 + 0*x + 5*x**2. What are the prime factors of w(o)?
2
Let p = 21072 - 10578. List the prime factors of p.
2, 3, 11, 53
Suppose -12*v = 9*v - 25683. Let f = v - 802. What are the pr